posite number?
True
Is 5966773 prime?
True
Is 11060873 a composite number?
False
Is 77386207 a prime number?
True
Is 4621277 a composite number?
False
Is 1725991 a composite number?
False
Is 16310597 composite?
False
Is 6186559 prime?
False
Is 16429 composite?
True
Is 1686523 a composite number?
True
Is 5518691 composite?
True
Is 278782369 a prime number?
True
Is 49557137 composite?
True
Is 79886305 prime?
False
Is 526953431 a composite number?
True
Is 23835763 a prime number?
False
Is 37068623 prime?
False
Is 2699867 a prime number?
True
Is 43505657 prime?
False
Is 2148743 a composite number?
True
Is 43867169 composite?
True
Is 2391581 composite?
True
Is 66699031 a prime number?
False
Is 73882229 a prime number?
False
Is 110969 a prime number?
True
Is 4087597 a prime number?
True
Is 2446009 a composite number?
False
Is 5073721 a composite number?
False
Is 66023401 prime?
False
Is 178037 prime?
True
Is 32647 prime?
True
Is 2752261 a prime number?
True
Is 11044113 composite?
True
Is 211507697 composite?
False
Is 53714329 prime?
False
Is 2066629 composite?
True
Is 1387649 prime?
True
Is 25727981 prime?
False
Is 561667 a composite number?
False
Is 131171 composite?
False
Is 2508157 prime?
False
Is 488326717 composite?
True
Is 11915093 prime?
True
Is 507289 a composite number?
False
Is 23143523 prime?
False
Is 31173371 composite?
False
Is 2178823 prime?
True
Is 4572979 a composite number?
False
Is 332643869 a prime number?
True
Is 627329 composite?
False
Is 23008493 a composite number?
True
Is 17852099 composite?
True
Is 43024847 a prime number?
True
Is 14351803 composite?
True
Is 39189823 composite?
True
Is 40405331 composite?
False
Is 9099683 a composite number?
False
Is 2333615 a prime number?
False
Is 17785631 prime?
True
Is 2426069 a prime number?
False
Is 13917493 a composite number?
True
Is 47989357 a composite number?
True
Is 77492111 composite?
False
Is 13307783 prime?
False
Is 10101397 prime?
True
Is 24424487 prime?
True
Is 8458721 prime?
True
Is 6573341 a prime number?
True
Is 73615313 prime?
False
Is 157174829 prime?
False
Is 11099873 composite?
False
Is 9009362 prime?
False
Is 7132199 composite?
True
Is 102146245 prime?
False
Is 18856055 a prime number?
False
Is 6762891 a composite number?
True
Is 17590921 a composite number?
True
Is 4107029 prime?
True
Is 805722893 a prime number?
False
Is 996577 composite?
True
Is 328231 composite?
True
Is 644089 a prime number?
True
Is 431437 composite?
True
Is 1084001 a prime number?
True
Is 14158487 a composite number?
True
Is 3794963 prime?
True
Is 1834153 prime?
True
Is 12893653 a composite number?
True
Is 92237 composite?
False
Is 10400123 a prime number?
True
Is 22225169 a composite number?
True
Is 1169131 prime?
True
Is 1046113 composite?
False
Is 1463572141 prime?
True
Is 385402265 composite?
True
Is 181290323 prime?
False
Is 23313781 prime?
True
Is 6266107 composite?
False
Is 196921279 a composite number?
True
Is 651397 composite?
False
Is 1559013271 a prime number?
False
Is 1920407 composite?
False
Is 1349539 prime?
False
Is 13229089 prime?
True
Is 84034591 prime?
False
Is 160139165 a composite number?
True
Is 7752911 a composite number?
False
Is 88289897 a prime number?
True
Is 353035 prime?
False
Is 46744406 prime?
False
Is 163838195 a composite number?
True
Is 595201 composite?
False
Is 20233127 a composite number?
False
Is 3616621 a prime number?
True
Is 56697 a composite number?
True
Is 2769321 a composite number?
True
Is 593337 a prime number?
False
Is 50629027 a prime number?
False
Is 2890007 prime?
False
Is 16752629 a composite number?
False
Is 6061967 a prime number?
True
Is 28914991 a prime number?
False
Is 8523461 composite?
False
Is 16500199 composite?
True
Is 1107989 composite?
False
Is 32833299 a prime number?
False
Is 1092639 composite?
True
Is 9947369 composite?
False
Is 146678857 a prime number?
False
Is 59702789 a prime number?
True
Is 8365897 a composite number?
False
Is 484673 a composite number?
True
Is 5431927 composite?
True
Is 48481781 a prime number?
True
Is 2576323 a composite number?
False
Is 696524299 prime?
True
Is 29937863 a composite number?
True
Is 59213587 composite?
False
Is 6701693 composite?
False
Is 22207357 a composite number?
False
Is 139400347 prime?
False
Is 2167201 prime?
False
Is 3187717 composite?
True
Is 8245547 a composite number?
False
Is 21679237 a composite number?
True
Is 78294031 a prime number?
True
Is 17029865 a composite number?
True
Is 18594109 prime?
False
Is 126359 prime?
True
Is 31437047 composite?
False
Is 42311477 composite?
True
Is 1223119 a prime number?
True
Is 24239503 composite?
False
Is 5888643 a composite number?
True
Is 1575883 a composite number?
True
Is 9807293 composite?
False
Is 35360861 prime?
False
Is 363697 a prime number?
False
Is 129979051 prime?
True
Is 313689001 prime?
True
Is 2071519 prime?
False
Is 7285259 a composite number?
True
Is 1096093 a prime number?
False
Is 5156383 a composite number?
False
Is 98297867 a prime number?
False
Is 41581901 composite?
False
Is 3480073 a prime number?
True
Is 33676241 prime?
True
Is 29137951 a prime number?
False
Is 315822317 a composite number?
True
Is 6350831 a prime number?
False
Is 4037191 composite?
True
Is 155506093 composite?
True
Is 179094059 a prime number?
True
Is 30820901 a composite number?
False
Is 5351131 composite?
False
Is 11108473 composite?
True
Is 628261 a composite number?
False
Is 51939869 composite?
False
Is 408593 composite?
True
Is 1381813 composite?
True
Is 140462617 a prime number?
True
Is 1720393 a composite number?
True
Is 1904369 prime?
False
Is 29947469 a prime number?
True
Is 137548127 a composite number?
True
Is 2217101 a composite number?
False
Is 4845911 a prime number?
False
Is 6721679 a composite number?
True
Is 11627841 prime?
False
Is 2348053 a prime number?
True
Is 8533817 a prime number?
False
Is 216100191 a composite number?
True
Is 7288067 composite?
True
Is 54135451 a prime number?
False
Is 161640883 prime?
True
Is 408708901 a composite number?
False
Is 3572819 a composite number?
False
Is 53762791 a prime number?
False
Is 96292633 a prime number?
True
Is 28256843 prime?
True
Is 143335939 prime?
True
Is 3222899 prime?
True
Is 168572273 a prime number?
False
Is 55856638 a composite number?
True
Is 30870899 a prime number?
False
Is 175240889 prime?
True
Is 15948197 prime?
True
Is 302991127 prime?
False
Is 26863107 a prime number?
False
Is 4466323 a prime number?
True
Is 1069213 a composite number?
True
Is 1071739 a prime number?
True
Is 178513 a composite number?
False
Is 304883323 composite?
True
Is 237203 a prime number?
True
Is 2817179 a composite number?
True
Is 28648007 a composite number?
True
Is 120253031 a prime number?
False
Is 167169991 a composite number?
True
Is 1252453 prime?
False
Is 31102577 prime?
False
Is 13047197 prime?
False
Is 385962001 a composite number?
True
Is 1610119 prime?
False
Is 10456345 a composite number?
True
Is 15942763 prime?
False
Is 16117609 a composite number?
True
Is 1234921 a composite number?
True
Is 13971197 composite?
False
Is 7235497 composite?
False
Is 173534421 composite?
True
Is 1606457 a composite number?
False
Is 416509 prime?
False
Is 6578461 prime?
True
Is 3663083 prime?
True
Is 13009991 prime?
False
Is 4896487 a composite number?
False
Is 41586679 prime?
False
Is 560049661 prime?
False
Is 2119991 prime?
False
Is 24318557 composite?
False
Is 19940203 prime?
False
Is 795355193 prime?
True
Is 2690593 a composite number?
False
Is 4181251 prime?
True
Is 38770169 a composite number?
False
Is 91725919 prime?
False
Is 36721219 a prime number?
False
Is 428777 a prime number?
True
Is 731543671 prime?
True
Is 1584983 prime?
True
Is 124872271 prime?
False
Is 1388323 a composite number?
False
Is 18945173 prime?
False
Is 4234469 composite?
False
Is 87406721 a composite number?
False
Is 25190083 composite?
True
Is 21628837 prime?
True
Is 14123597 composite?
True
Is 182618 prime?
False
Is 8618639 a prime number?
True
Is 35627635 a prime number?
False
Is 297053 a prime number?
False
Is 375619 prime?
False
Is 61756229 a prime number?
True
Is 85854943 a prime number?
False
Is 18613513 composite?
False
Is 2610047 a prime number?
False
Is 68370565 prime?
False
Is 1638797 prime?
True
Is 14257637 a p